{"id":32,"date":"2023-07-28T07:36:37","date_gmt":"2023-07-28T07:36:37","guid":{"rendered":"https:\/\/technikaikiallitas.hu\/?page_id=32"},"modified":"2023-08-17T14:01:45","modified_gmt":"2023-08-17T14:01:45","slug":"gep-es-muszer","status":"publish","type":"page","link":"https:\/\/technikaikiallitas.hu\/?page_id=32","title":{"rendered":"G\u00e9p \u00e9s m\u0171szer, j\u00e1rm\u0171"},"content":{"rendered":"<div class=\"pgc-sgb-cb wp-block-pgcsimplygalleryblock-masonry \" data-gallery-id=\"3fc84997\"><div class=\"sgb-preloader\" id=\"pr_3fc84997\">\n\t<div class=\"sgb-square\" style=\"background:#d4d4d4\"><\/div>\n\t<div class=\"sgb-square\" style=\"background:#d4d4d4\"><\/div>\n\t<div class=\"sgb-square\" style=\"background:#d4d4d4\"><\/div>\n\t<div class=\"sgb-square\" style=\"background:#d4d4d4\"><\/div><\/div><div class=\"simply-gallery-amp pgc_sgb_slider \" style=\"display: none;\"><div class=\"sgb-gallery\"><div class=\"sgb-item\"><a href=\"https:\/\/technikaikiallitas.hu\/?attachment_id=139\" target=\"_blank\"><img decoding=\"async\" alt=\"\" width=\"272\" height=\"300\" loading=\"lazy\" src=\"https:\/\/technikaikiallitas.hu\/wp-content\/uploads\/2023\/07\/J01-272x300.jpg\" srcset=\"https:\/\/technikaikiallitas.hu\/wp-content\/uploads\/2023\/07\/J01-272x300.jpg 272w,https:\/\/technikaikiallitas.hu\/wp-content\/uploads\/2023\/07\/J01.jpg 441w\" sizes=\"auto, 250px\"\/><\/a><\/div><div class=\"sgb-item\"><a href=\"https:\/\/technikaikiallitas.hu\/?attachment_id=142\" target=\"_blank\"><img decoding=\"async\" alt=\"\" width=\"300\" height=\"278\" loading=\"lazy\" src=\"https:\/\/technikaikiallitas.hu\/wp-content\/uploads\/2023\/07\/J04-300x278.jpg\" srcset=\"https:\/\/technikaikiallitas.hu\/wp-content\/uploads\/2023\/07\/J04-300x278.jpg 300w,https:\/\/technikaikiallitas.hu\/wp-content\/uploads\/2023\/07\/J04.jpg 630w\" sizes=\"auto, 250px\"\/><\/a><\/div><div class=\"sgb-item\"><a href=\"https:\/\/technikaikiallitas.hu\/?attachment_id=144\" target=\"_blank\"><img decoding=\"async\" alt=\"\" width=\"300\" height=\"207\" loading=\"lazy\" src=\"https:\/\/technikaikiallitas.hu\/wp-content\/uploads\/2023\/07\/J06-300x207.jpg\" srcset=\"https:\/\/technikaikiallitas.hu\/wp-content\/uploads\/2023\/07\/J06-300x207.jpg 300w,https:\/\/technikaikiallitas.hu\/wp-content\/uploads\/2023\/07\/J06-1024x708.jpg 1024w,https:\/\/technikaikiallitas.hu\/wp-content\/uploads\/2023\/07\/J06.jpg 1076w\" sizes=\"auto, 250px\"\/><\/a><\/div><div class=\"sgb-item\"><a href=\"https:\/\/technikaikiallitas.hu\/?attachment_id=145\" target=\"_blank\"><img decoding=\"async\" alt=\"\" width=\"300\" height=\"243\" loading=\"lazy\" src=\"https:\/\/technikaikiallitas.hu\/wp-content\/uploads\/2023\/07\/J07-300x243.jpg\" srcset=\"https:\/\/technikaikiallitas.hu\/wp-content\/uploads\/2023\/07\/J07-300x243.jpg 300w,https:\/\/technikaikiallitas.hu\/wp-content\/uploads\/2023\/07\/J07.jpg 538w\" sizes=\"auto, 250px\"\/><\/a><\/div><div class=\"sgb-item\"><a href=\"https:\/\/technikaikiallitas.hu\/?attachment_id=146\" target=\"_blank\"><img decoding=\"async\" alt=\"\" width=\"300\" height=\"123\" loading=\"lazy\" src=\"https:\/\/technikaikiallitas.hu\/wp-content\/uploads\/2023\/07\/J08-300x123.jpg\" srcset=\"https:\/\/technikaikiallitas.hu\/wp-content\/uploads\/2023\/07\/J08-300x123.jpg 300w,https:\/\/technikaikiallitas.hu\/wp-content\/uploads\/2023\/07\/J08-1024x419.jpg 1024w,https:\/\/technikaikiallitas.hu\/wp-content\/uploads\/2023\/07\/J08.jpg 1245w\" sizes=\"auto, 250px\"\/><\/a><\/div><div class=\"sgb-item\"><a href=\"https:\/\/technikaikiallitas.hu\/?attachment_id=147\" target=\"_blank\"><img decoding=\"async\" alt=\"\" width=\"287\" height=\"300\" loading=\"lazy\" src=\"https:\/\/technikaikiallitas.hu\/wp-content\/uploads\/2023\/07\/J09-287x300.jpg\" srcset=\"https:\/\/technikaikiallitas.hu\/wp-content\/uploads\/2023\/07\/J09-287x300.jpg 287w,https:\/\/technikaikiallitas.hu\/wp-content\/uploads\/2023\/07\/J09.jpg 870w\" sizes=\"auto, 250px\"\/><\/a><\/div><div class=\"sgb-item\"><a href=\"https:\/\/technikaikiallitas.hu\/?attachment_id=148\" target=\"_blank\"><img decoding=\"async\" alt=\"\" width=\"300\" height=\"225\" loading=\"lazy\" src=\"https:\/\/technikaikiallitas.hu\/wp-content\/uploads\/2023\/07\/J10-300x225.jpg\" srcset=\"https:\/\/technikaikiallitas.hu\/wp-content\/uploads\/2023\/07\/J10-300x225.jpg 300w,https:\/\/technikaikiallitas.hu\/wp-content\/uploads\/2023\/07\/J10.jpg 800w\" sizes=\"auto, 250px\"\/><\/a><\/div><div class=\"sgb-item\"><a href=\"https:\/\/technikaikiallitas.hu\/?attachment_id=149\" target=\"_blank\"><img decoding=\"async\" alt=\"\" width=\"300\" height=\"211\" loading=\"lazy\" src=\"https:\/\/technikaikiallitas.hu\/wp-content\/uploads\/2023\/07\/J11-300x211.jpg\" srcset=\"https:\/\/technikaikiallitas.hu\/wp-content\/uploads\/2023\/07\/J11-300x211.jpg 300w,https:\/\/technikaikiallitas.hu\/wp-content\/uploads\/2023\/07\/J11-1024x720.jpg 1024w,https:\/\/technikaikiallitas.hu\/wp-content\/uploads\/2023\/07\/J11.jpg 1060w\" sizes=\"auto, 250px\"\/><\/a><\/div><div class=\"sgb-item\"><a href=\"https:\/\/technikaikiallitas.hu\/?attachment_id=150\" target=\"_blank\"><img decoding=\"async\" alt=\"\" width=\"223\" height=\"300\" loading=\"lazy\" src=\"https:\/\/technikaikiallitas.hu\/wp-content\/uploads\/2023\/07\/J12-223x300.jpg\" srcset=\"https:\/\/technikaikiallitas.hu\/wp-content\/uploads\/2023\/07\/J12-223x300.jpg 223w,https:\/\/technikaikiallitas.hu\/wp-content\/uploads\/2023\/07\/J12-760x1024.jpg 760w,https:\/\/technikaikiallitas.hu\/wp-content\/uploads\/2023\/07\/J12.jpg 819w\" sizes=\"auto, 250px\"\/><\/a><\/div><\/div><\/div><script type=\"application\/json\" class=\"sgb-data\">{\"galleryType\":\"pgc_sgb_masonry\",\"galleryId\":\"3fc84997\",\"images\":[{\"id\":139,\"title\":\"J01\",\"url\":\"https:\/\/technikaikiallitas.hu\/wp-content\/uploads\/2023\/07\/J01.jpg\",\"link\":\"https:\/\/technikaikiallitas.hu\/?attachment_id=139\",\"alt\":\"\",\"description\":\"\",\"caption\":\"\",\"mime\":\"image\/jpeg\",\"type\":\"image\",\"width\":441,\"height\":486,\"sizes\":{\"thumbnail\":{\"height\":150,\"width\":150,\"url\":\"https:\/\/technikaikiallitas.hu\/wp-content\/uploads\/2023\/07\/J01-150x150.jpg\",\"orientation\":\"landscape\"},\"medium\":{\"height\":300,\"width\":272,\"url\":\"https:\/\/technikaikiallitas.hu\/wp-content\/uploads\/2023\/07\/J01-272x300.jpg\",\"orientation\":\"portrait\"},\"full\":{\"url\":\"https:\/\/technikaikiallitas.hu\/wp-content\/uploads\/2023\/07\/J01.jpg\",\"height\":486,\"width\":441,\"orientation\":\"portrait\"}},\"imageMeta\":{\"aperture\":\"0\",\"credit\":\"\",\"camera\":\"\",\"caption\":\"\",\"created_timestamp\":\"0\",\"copyright\":\"\",\"focal_length\":\"0\",\"iso\":\"0\",\"shutter_speed\":\"0\",\"title\":\"\",\"orientation\":\"0\",\"keywords\":[]},\"meta\":false,\"postlink\":\"https:\/\/technikaikiallitas.hu\/?attachment_id=139\"},{\"id\":142,\"title\":\"J04\",\"url\":\"https:\/\/technikaikiallitas.hu\/wp-content\/uploads\/2023\/07\/J04.jpg\",\"link\":\"https:\/\/technikaikiallitas.hu\/?attachment_id=142\",\"alt\":\"\",\"description\":\"\",\"caption\":\"\",\"mime\":\"image\/jpeg\",\"type\":\"image\",\"width\":630,\"height\":583,\"sizes\":{\"thumbnail\":{\"height\":150,\"width\":150,\"url\":\"https:\/\/technikaikiallitas.hu\/wp-content\/uploads\/2023\/07\/J04-150x150.jpg\",\"orientation\":\"landscape\"},\"medium\":{\"height\":278,\"width\":300,\"url\":\"https:\/\/technikaikiallitas.hu\/wp-content\/uploads\/2023\/07\/J04-300x278.jpg\",\"orientation\":\"landscape\"},\"full\":{\"url\":\"https:\/\/technikaikiallitas.hu\/wp-content\/uploads\/2023\/07\/J04.jpg\",\"height\":583,\"width\":630,\"orientation\":\"landscape\"}},\"imageMeta\":{\"aperture\":\"0\",\"credit\":\"\",\"camera\":\"\",\"caption\":\"\",\"created_timestamp\":\"0\",\"copyright\":\"\",\"focal_length\":\"0\",\"iso\":\"0\",\"shutter_speed\":\"0\",\"title\":\"\",\"orientation\":\"0\",\"keywords\":[]},\"meta\":false,\"postlink\":\"https:\/\/technikaikiallitas.hu\/?attachment_id=142\"},{\"id\":144,\"title\":\"J06\",\"url\":\"https:\/\/technikaikiallitas.hu\/wp-content\/uploads\/2023\/07\/J06.jpg\",\"link\":\"https:\/\/technikaikiallitas.hu\/?attachment_id=144\",\"alt\":\"\",\"description\":\"\",\"caption\":\"\",\"mime\":\"image\/jpeg\",\"type\":\"image\",\"width\":1076,\"height\":744,\"sizes\":{\"thumbnail\":{\"height\":150,\"width\":150,\"url\":\"https:\/\/technikaikiallitas.hu\/wp-content\/uploads\/2023\/07\/J06-150x150.jpg\",\"orientation\":\"landscape\"},\"medium\":{\"height\":207,\"width\":300,\"url\":\"https:\/\/technikaikiallitas.hu\/wp-content\/uploads\/2023\/07\/J06-300x207.jpg\",\"orientation\":\"landscape\"},\"large\":{\"height\":708,\"width\":1024,\"url\":\"https:\/\/technikaikiallitas.hu\/wp-content\/uploads\/2023\/07\/J06-1024x708.jpg\",\"orientation\":\"landscape\"},\"full\":{\"url\":\"https:\/\/technikaikiallitas.hu\/wp-content\/uploads\/2023\/07\/J06.jpg\",\"height\":744,\"width\":1076,\"orientation\":\"landscape\"}},\"imageMeta\":{\"aperture\":\"0\",\"credit\":\"\",\"camera\":\"\",\"caption\":\"\",\"created_timestamp\":\"0\",\"copyright\":\"\",\"focal_length\":\"0\",\"iso\":\"0\",\"shutter_speed\":\"0\",\"title\":\"\",\"orientation\":\"0\",\"keywords\":[]},\"meta\":false,\"postlink\":\"https:\/\/technikaikiallitas.hu\/?attachment_id=144\"},{\"id\":145,\"title\":\"J07\",\"url\":\"https:\/\/technikaikiallitas.hu\/wp-content\/uploads\/2023\/07\/J07.jpg\",\"link\":\"https:\/\/technikaikiallitas.hu\/?attachment_id=145\",\"alt\":\"\",\"description\":\"\",\"caption\":\"\",\"mime\":\"image\/jpeg\",\"type\":\"image\",\"width\":538,\"height\":436,\"sizes\":{\"thumbnail\":{\"height\":150,\"width\":150,\"url\":\"https:\/\/technikaikiallitas.hu\/wp-content\/uploads\/2023\/07\/J07-150x150.jpg\",\"orientation\":\"landscape\"},\"medium\":{\"height\":243,\"width\":300,\"url\":\"https:\/\/technikaikiallitas.hu\/wp-content\/uploads\/2023\/07\/J07-300x243.jpg\",\"orientation\":\"landscape\"},\"full\":{\"url\":\"https:\/\/technikaikiallitas.hu\/wp-content\/uploads\/2023\/07\/J07.jpg\",\"height\":436,\"width\":538,\"orientation\":\"landscape\"}},\"imageMeta\":{\"aperture\":\"0\",\"credit\":\"\",\"camera\":\"\",\"caption\":\"\",\"created_timestamp\":\"0\",\"copyright\":\"\",\"focal_length\":\"0\",\"iso\":\"0\",\"shutter_speed\":\"0\",\"title\":\"\",\"orientation\":\"0\",\"keywords\":[]},\"meta\":false,\"postlink\":\"https:\/\/technikaikiallitas.hu\/?attachment_id=145\"},{\"id\":146,\"title\":\"J08\",\"url\":\"https:\/\/technikaikiallitas.hu\/wp-content\/uploads\/2023\/07\/J08.jpg\",\"link\":\"https:\/\/technikaikiallitas.hu\/?attachment_id=146\",\"alt\":\"\",\"description\":\"\",\"caption\":\"\",\"mime\":\"image\/jpeg\",\"type\":\"image\",\"width\":1245,\"height\":510,\"sizes\":{\"thumbnail\":{\"height\":150,\"width\":150,\"url\":\"https:\/\/technikaikiallitas.hu\/wp-content\/uploads\/2023\/07\/J08-150x150.jpg\",\"orientation\":\"landscape\"},\"medium\":{\"height\":123,\"width\":300,\"url\":\"https:\/\/technikaikiallitas.hu\/wp-content\/uploads\/2023\/07\/J08-300x123.jpg\",\"orientation\":\"landscape\"},\"large\":{\"height\":419,\"width\":1024,\"url\":\"https:\/\/technikaikiallitas.hu\/wp-content\/uploads\/2023\/07\/J08-1024x419.jpg\",\"orientation\":\"landscape\"},\"full\":{\"url\":\"https:\/\/technikaikiallitas.hu\/wp-content\/uploads\/2023\/07\/J08.jpg\",\"height\":510,\"width\":1245,\"orientation\":\"landscape\"}},\"imageMeta\":{\"aperture\":\"0\",\"credit\":\"\",\"camera\":\"\",\"caption\":\"\",\"created_timestamp\":\"0\",\"copyright\":\"\",\"focal_length\":\"0\",\"iso\":\"0\",\"shutter_speed\":\"0\",\"title\":\"\",\"orientation\":\"0\",\"keywords\":[]},\"meta\":false,\"postlink\":\"https:\/\/technikaikiallitas.hu\/?attachment_id=146\"},{\"id\":147,\"title\":\"J09\",\"url\":\"https:\/\/technikaikiallitas.hu\/wp-content\/uploads\/2023\/07\/J09.jpg\",\"link\":\"https:\/\/technikaikiallitas.hu\/?attachment_id=147\",\"alt\":\"\",\"description\":\"\",\"caption\":\"\",\"mime\":\"image\/jpeg\",\"type\":\"image\",\"width\":870,\"height\":909,\"sizes\":{\"thumbnail\":{\"height\":150,\"width\":150,\"url\":\"https:\/\/technikaikiallitas.hu\/wp-content\/uploads\/2023\/07\/J09-150x150.jpg\",\"orientation\":\"landscape\"},\"medium\":{\"height\":300,\"width\":287,\"url\":\"https:\/\/technikaikiallitas.hu\/wp-content\/uploads\/2023\/07\/J09-287x300.jpg\",\"orientation\":\"portrait\"},\"full\":{\"url\":\"https:\/\/technikaikiallitas.hu\/wp-content\/uploads\/2023\/07\/J09.jpg\",\"height\":909,\"width\":870,\"orientation\":\"portrait\"}},\"imageMeta\":{\"aperture\":\"0\",\"credit\":\"\",\"camera\":\"\",\"caption\":\"\",\"created_timestamp\":\"0\",\"copyright\":\"\",\"focal_length\":\"0\",\"iso\":\"0\",\"shutter_speed\":\"0\",\"title\":\"\",\"orientation\":\"0\",\"keywords\":[]},\"meta\":false,\"postlink\":\"https:\/\/technikaikiallitas.hu\/?attachment_id=147\"},{\"id\":148,\"title\":\"J10\",\"url\":\"https:\/\/technikaikiallitas.hu\/wp-content\/uploads\/2023\/07\/J10.jpg\",\"link\":\"https:\/\/technikaikiallitas.hu\/?attachment_id=148\",\"alt\":\"\",\"description\":\"\",\"caption\":\"\",\"mime\":\"image\/jpeg\",\"type\":\"image\",\"width\":800,\"height\":600,\"sizes\":{\"thumbnail\":{\"height\":150,\"width\":150,\"url\":\"https:\/\/technikaikiallitas.hu\/wp-content\/uploads\/2023\/07\/J10-150x150.jpg\",\"orientation\":\"landscape\"},\"medium\":{\"height\":225,\"width\":300,\"url\":\"https:\/\/technikaikiallitas.hu\/wp-content\/uploads\/2023\/07\/J10-300x225.jpg\",\"orientation\":\"landscape\"},\"full\":{\"url\":\"https:\/\/technikaikiallitas.hu\/wp-content\/uploads\/2023\/07\/J10.jpg\",\"height\":600,\"width\":800,\"orientation\":\"landscape\"}},\"imageMeta\":{\"aperture\":\"0\",\"credit\":\"\",\"camera\":\"\",\"caption\":\"\",\"created_timestamp\":\"0\",\"copyright\":\"\",\"focal_length\":\"0\",\"iso\":\"0\",\"shutter_speed\":\"0\",\"title\":\"\",\"orientation\":\"0\",\"keywords\":[]},\"meta\":false,\"postlink\":\"https:\/\/technikaikiallitas.hu\/?attachment_id=148\"},{\"id\":149,\"title\":\"J11\",\"url\":\"https:\/\/technikaikiallitas.hu\/wp-content\/uploads\/2023\/07\/J11.jpg\",\"link\":\"https:\/\/technikaikiallitas.hu\/?attachment_id=149\",\"alt\":\"\",\"description\":\"\",\"caption\":\"\",\"mime\":\"image\/jpeg\",\"type\":\"image\",\"width\":1060,\"height\":745,\"sizes\":{\"thumbnail\":{\"height\":150,\"width\":150,\"url\":\"https:\/\/technikaikiallitas.hu\/wp-content\/uploads\/2023\/07\/J11-150x150.jpg\",\"orientation\":\"landscape\"},\"medium\":{\"height\":211,\"width\":300,\"url\":\"https:\/\/technikaikiallitas.hu\/wp-content\/uploads\/2023\/07\/J11-300x211.jpg\",\"orientation\":\"landscape\"},\"large\":{\"height\":720,\"width\":1024,\"url\":\"https:\/\/technikaikiallitas.hu\/wp-content\/uploads\/2023\/07\/J11-1024x720.jpg\",\"orientation\":\"landscape\"},\"full\":{\"url\":\"https:\/\/technikaikiallitas.hu\/wp-content\/uploads\/2023\/07\/J11.jpg\",\"height\":745,\"width\":1060,\"orientation\":\"landscape\"}},\"imageMeta\":{\"aperture\":\"0\",\"credit\":\"\",\"camera\":\"\",\"caption\":\"\",\"created_timestamp\":\"0\",\"copyright\":\"\",\"focal_length\":\"0\",\"iso\":\"0\",\"shutter_speed\":\"0\",\"title\":\"\",\"orientation\":\"0\",\"keywords\":[]},\"meta\":false,\"postlink\":\"https:\/\/technikaikiallitas.hu\/?attachment_id=149\"},{\"id\":150,\"title\":\"J12\",\"url\":\"https:\/\/technikaikiallitas.hu\/wp-content\/uploads\/2023\/07\/J12.jpg\",\"link\":\"https:\/\/technikaikiallitas.hu\/?attachment_id=150\",\"alt\":\"\",\"description\":\"\",\"caption\":\"\",\"mime\":\"image\/jpeg\",\"type\":\"image\",\"width\":819,\"height\":1104,\"sizes\":{\"thumbnail\":{\"height\":150,\"width\":150,\"url\":\"https:\/\/technikaikiallitas.hu\/wp-content\/uploads\/2023\/07\/J12-150x150.jpg\",\"orientation\":\"landscape\"},\"medium\":{\"height\":300,\"width\":223,\"url\":\"https:\/\/technikaikiallitas.hu\/wp-content\/uploads\/2023\/07\/J12-223x300.jpg\",\"orientation\":\"portrait\"},\"large\":{\"height\":1024,\"width\":760,\"url\":\"https:\/\/technikaikiallitas.hu\/wp-content\/uploads\/2023\/07\/J12-760x1024.jpg\",\"orientation\":\"portrait\"},\"full\":{\"url\":\"https:\/\/technikaikiallitas.hu\/wp-content\/uploads\/2023\/07\/J12.jpg\",\"height\":1104,\"width\":819,\"orientation\":\"portrait\"}},\"imageMeta\":{\"aperture\":\"0\",\"credit\":\"\",\"camera\":\"\",\"caption\":\"\",\"created_timestamp\":\"0\",\"copyright\":\"\",\"focal_length\":\"0\",\"iso\":\"0\",\"shutter_speed\":\"0\",\"title\":\"\",\"orientation\":\"0\",\"keywords\":[]},\"meta\":false,\"postlink\":\"https:\/\/technikaikiallitas.hu\/?attachment_id=150\"}],\"itemsMetaDataCollection\":[],\"hasCustomCSS\":false,\"customCSS\":\"\",\"otterConditions\":[]}<\/script><script>(function(){if(window.PGC_SGB && window.PGC_SGB.searcher){window.PGC_SGB.searcher.initBlocks()}})()<\/script><\/div>","protected":false},"excerpt":{"rendered":"","protected":false},"author":1,"featured_media":0,"parent":8,"menu_order":0,"comment_status":"closed","ping_status":"closed","template":"","meta":{"_eb_attr":"","_uag_custom_page_level_css":"","pgc_sgb_lightbox_settings":"","_themeisle_gutenberg_block_has_review":false,"footnotes":""},"class_list":["post-32","page","type-page","status-publish","hentry"],"yoast_head":"<!-- This site is optimized with the Yoast SEO plugin v20.12 - https:\/\/yoast.com\/wordpress\/plugins\/seo\/ -->\n<title>G\u00e9p \u00e9s m\u0171szer, j\u00e1rm\u0171 - Dunakeszi Technikai Ki\u00e1ll\u00edt\u00e1s<\/title>\n<meta name=\"robots\" content=\"index, follow, max-snippet:-1, max-image-preview:large, max-video-preview:-1\" \/>\n<link rel=\"canonical\" href=\"https:\/\/technikaikiallitas.hu\/?page_id=32\" \/>\n<meta property=\"og:locale\" content=\"hu_HU\" \/>\n<meta property=\"og:type\" content=\"article\" \/>\n<meta property=\"og:title\" content=\"G\u00e9p \u00e9s m\u0171szer, j\u00e1rm\u0171 - Dunakeszi Technikai Ki\u00e1ll\u00edt\u00e1s\" \/>\n<meta property=\"og:url\" content=\"https:\/\/technikaikiallitas.hu\/?page_id=32\" \/>\n<meta property=\"og:site_name\" content=\"Dunakeszi Technikai Ki\u00e1ll\u00edt\u00e1s\" \/>\n<meta property=\"article:modified_time\" content=\"2023-08-17T14:01:45+00:00\" \/>\n<meta property=\"og:image\" content=\"https:\/\/technikaikiallitas.hu\/wp-content\/uploads\/2023\/07\/J01.jpg\" \/>\n<meta name=\"twitter:card\" content=\"summary_large_image\" \/>\n<meta name=\"twitter:label1\" content=\"Becs\u00fclt olvas\u00e1si id\u0151\" \/>\n\t<meta name=\"twitter:data1\" content=\"2 perc\" \/>\n<script type=\"application\/ld+json\" class=\"yoast-schema-graph\">{\"@context\":\"https:\/\/schema.org\",\"@graph\":[{\"@type\":\"WebPage\",\"@id\":\"https:\/\/technikaikiallitas.hu\/?page_id=32\",\"url\":\"https:\/\/technikaikiallitas.hu\/?page_id=32\",\"name\":\"G\u00e9p \u00e9s m\u0171szer, j\u00e1rm\u0171 - Dunakeszi Technikai Ki\u00e1ll\u00edt\u00e1s\",\"isPartOf\":{\"@id\":\"https:\/\/technikaikiallitas.hu\/#website\"},\"datePublished\":\"2023-07-28T07:36:37+00:00\",\"dateModified\":\"2023-08-17T14:01:45+00:00\",\"breadcrumb\":{\"@id\":\"https:\/\/technikaikiallitas.hu\/?page_id=32#breadcrumb\"},\"inLanguage\":\"hu\",\"potentialAction\":[{\"@type\":\"ReadAction\",\"target\":[\"https:\/\/technikaikiallitas.hu\/?page_id=32\"]}]},{\"@type\":\"BreadcrumbList\",\"@id\":\"https:\/\/technikaikiallitas.hu\/?page_id=32#breadcrumb\",\"itemListElement\":[{\"@type\":\"ListItem\",\"position\":1,\"name\":\"Kezd\u0151lap\",\"item\":\"https:\/\/technikaikiallitas.hu\/\"},{\"@type\":\"ListItem\",\"position\":2,\"name\":\"Gal\u00e9ria\",\"item\":\"https:\/\/technikaikiallitas.hu\/?page_id=8\"},{\"@type\":\"ListItem\",\"position\":3,\"name\":\"G\u00e9p \u00e9s m\u0171szer, j\u00e1rm\u0171\"}]},{\"@type\":\"WebSite\",\"@id\":\"https:\/\/technikaikiallitas.hu\/#website\",\"url\":\"https:\/\/technikaikiallitas.hu\/\",\"name\":\"Dunakeszi Technikai Ki\u00e1ll\u00edt\u00e1s\",\"description\":\"\",\"publisher\":{\"@id\":\"https:\/\/technikaikiallitas.hu\/#organization\"},\"potentialAction\":[{\"@type\":\"SearchAction\",\"target\":{\"@type\":\"EntryPoint\",\"urlTemplate\":\"https:\/\/technikaikiallitas.hu\/?s={search_term_string}\"},\"query-input\":\"required name=search_term_string\"}],\"inLanguage\":\"hu\"},{\"@type\":\"Organization\",\"@id\":\"https:\/\/technikaikiallitas.hu\/#organization\",\"name\":\"Dunakeszi Technikai Ki\u00e1ll\u00edt\u00e1s\",\"url\":\"https:\/\/technikaikiallitas.hu\/\",\"logo\":{\"@type\":\"ImageObject\",\"inLanguage\":\"hu\",\"@id\":\"https:\/\/technikaikiallitas.hu\/#\/schema\/logo\/image\/\",\"url\":\"https:\/\/technikaikiallitas.hu\/wp-content\/uploads\/2023\/07\/cropped-DTK-logo-koruliras-nelkul-OK-e1690823193293.jpg\",\"contentUrl\":\"https:\/\/technikaikiallitas.hu\/wp-content\/uploads\/2023\/07\/cropped-DTK-logo-koruliras-nelkul-OK-e1690823193293.jpg\",\"width\":60,\"height\":86,\"caption\":\"Dunakeszi Technikai Ki\u00e1ll\u00edt\u00e1s\"},\"image\":{\"@id\":\"https:\/\/technikaikiallitas.hu\/#\/schema\/logo\/image\/\"}}]}<\/script>\n<!-- \/ Yoast SEO plugin. -->","yoast_head_json":{"title":"G\u00e9p \u00e9s m\u0171szer, j\u00e1rm\u0171 - Dunakeszi Technikai Ki\u00e1ll\u00edt\u00e1s","robots":{"index":"index","follow":"follow","max-snippet":"max-snippet:-1","max-image-preview":"max-image-preview:large","max-video-preview":"max-video-preview:-1"},"canonical":"https:\/\/technikaikiallitas.hu\/?page_id=32","og_locale":"hu_HU","og_type":"article","og_title":"G\u00e9p \u00e9s m\u0171szer, j\u00e1rm\u0171 - Dunakeszi Technikai Ki\u00e1ll\u00edt\u00e1s","og_url":"https:\/\/technikaikiallitas.hu\/?page_id=32","og_site_name":"Dunakeszi Technikai Ki\u00e1ll\u00edt\u00e1s","article_modified_time":"2023-08-17T14:01:45+00:00","og_image":[{"url":"https:\/\/technikaikiallitas.hu\/wp-content\/uploads\/2023\/07\/J01.jpg"}],"twitter_card":"summary_large_image","twitter_misc":{"Becs\u00fclt olvas\u00e1si id\u0151":"2 perc"},"schema":{"@context":"https:\/\/schema.org","@graph":[{"@type":"WebPage","@id":"https:\/\/technikaikiallitas.hu\/?page_id=32","url":"https:\/\/technikaikiallitas.hu\/?page_id=32","name":"G\u00e9p \u00e9s m\u0171szer, j\u00e1rm\u0171 - Dunakeszi Technikai Ki\u00e1ll\u00edt\u00e1s","isPartOf":{"@id":"https:\/\/technikaikiallitas.hu\/#website"},"datePublished":"2023-07-28T07:36:37+00:00","dateModified":"2023-08-17T14:01:45+00:00","breadcrumb":{"@id":"https:\/\/technikaikiallitas.hu\/?page_id=32#breadcrumb"},"inLanguage":"hu","potentialAction":[{"@type":"ReadAction","target":["https:\/\/technikaikiallitas.hu\/?page_id=32"]}]},{"@type":"BreadcrumbList","@id":"https:\/\/technikaikiallitas.hu\/?page_id=32#breadcrumb","itemListElement":[{"@type":"ListItem","position":1,"name":"Kezd\u0151lap","item":"https:\/\/technikaikiallitas.hu\/"},{"@type":"ListItem","position":2,"name":"Gal\u00e9ria","item":"https:\/\/technikaikiallitas.hu\/?page_id=8"},{"@type":"ListItem","position":3,"name":"G\u00e9p \u00e9s m\u0171szer, j\u00e1rm\u0171"}]},{"@type":"WebSite","@id":"https:\/\/technikaikiallitas.hu\/#website","url":"https:\/\/technikaikiallitas.hu\/","name":"Dunakeszi Technikai Ki\u00e1ll\u00edt\u00e1s","description":"","publisher":{"@id":"https:\/\/technikaikiallitas.hu\/#organization"},"potentialAction":[{"@type":"SearchAction","target":{"@type":"EntryPoint","urlTemplate":"https:\/\/technikaikiallitas.hu\/?s={search_term_string}"},"query-input":"required name=search_term_string"}],"inLanguage":"hu"},{"@type":"Organization","@id":"https:\/\/technikaikiallitas.hu\/#organization","name":"Dunakeszi Technikai Ki\u00e1ll\u00edt\u00e1s","url":"https:\/\/technikaikiallitas.hu\/","logo":{"@type":"ImageObject","inLanguage":"hu","@id":"https:\/\/technikaikiallitas.hu\/#\/schema\/logo\/image\/","url":"https:\/\/technikaikiallitas.hu\/wp-content\/uploads\/2023\/07\/cropped-DTK-logo-koruliras-nelkul-OK-e1690823193293.jpg","contentUrl":"https:\/\/technikaikiallitas.hu\/wp-content\/uploads\/2023\/07\/cropped-DTK-logo-koruliras-nelkul-OK-e1690823193293.jpg","width":60,"height":86,"caption":"Dunakeszi Technikai Ki\u00e1ll\u00edt\u00e1s"},"image":{"@id":"https:\/\/technikaikiallitas.hu\/#\/schema\/logo\/image\/"}}]}},"uagb_featured_image_src":{"full":false,"thumbnail":false,"medium":false,"medium_large":false,"large":false,"1536x1536":false,"2048x2048":false,"blossom-recipe-schema":false,"blossom-recipe-slider":false,"blossom-recipe-blog":false,"blossom-recipe-blog-one":false},"uagb_author_info":{"display_name":"admin","author_link":"https:\/\/technikaikiallitas.hu\/?author=1"},"uagb_comment_info":0,"uagb_excerpt":null,"_links":{"self":[{"href":"https:\/\/technikaikiallitas.hu\/index.php?rest_route=\/wp\/v2\/pages\/32","targetHints":{"allow":["GET"]}}],"collection":[{"href":"https:\/\/technikaikiallitas.hu\/index.php?rest_route=\/wp\/v2\/pages"}],"about":[{"href":"https:\/\/technikaikiallitas.hu\/index.php?rest_route=\/wp\/v2\/types\/page"}],"author":[{"embeddable":true,"href":"https:\/\/technikaikiallitas.hu\/index.php?rest_route=\/wp\/v2\/users\/1"}],"replies":[{"embeddable":true,"href":"https:\/\/technikaikiallitas.hu\/index.php?rest_route=%2Fwp%2Fv2%2Fcomments&post=32"}],"version-history":[{"count":4,"href":"https:\/\/technikaikiallitas.hu\/index.php?rest_route=\/wp\/v2\/pages\/32\/revisions"}],"predecessor-version":[{"id":374,"href":"https:\/\/technikaikiallitas.hu\/index.php?rest_route=\/wp\/v2\/pages\/32\/revisions\/374"}],"up":[{"embeddable":true,"href":"https:\/\/technikaikiallitas.hu\/index.php?rest_route=\/wp\/v2\/pages\/8"}],"wp:attachment":[{"href":"https:\/\/technikaikiallitas.hu\/index.php?rest_route=%2Fwp%2Fv2%2Fmedia&parent=32"}],"curies":[{"name":"wp","href":"https:\/\/api.w.org\/{rel}","templated":true}]}}